{"id":70,"date":"2021-03-06T00:17:53","date_gmt":"2021-03-05T23:17:53","guid":{"rendered":"http:\/\/serwer2118864.home.pl\/wordpres\/?page_id=70"},"modified":"2025-03-24T19:00:51","modified_gmt":"2025-03-24T18:00:51","slug":"funduszeeuropejskie","status":"publish","type":"page","link":"https:\/\/www.przychodniatwojlekarz.pl\/?page_id=70","title":{"rendered":"#FunduszeEuropejskie"},"content":{"rendered":"\t\t<div data-elementor-type=\"wp-page\" data-elementor-id=\"70\" class=\"elementor elementor-70\" data-elementor-settings=\"[]\">\n\t\t\t\t\t\t\t<div class=\"elementor-section-wrap\">\n\t\t\t\t\t\t\t<section class=\"elementor-section elementor-top-section elementor-element elementor-element-547dc84 elementor-section-boxed elementor-section-height-default elementor-section-height-default\" data-id=\"547dc84\" data-element_type=\"section\">\n\t\t\t\t\t\t<div class=\"elementor-container elementor-column-gap-default\">\n\t\t\t\t\t<div class=\"elementor-column elementor-col-100 elementor-top-column elementor-element elementor-element-e3ee6cf\" data-id=\"e3ee6cf\" data-element_type=\"column\">\n\t\t\t<div class=\"elementor-widget-wrap elementor-element-populated\">\n\t\t\t\t\t\t\t\t<div class=\"elementor-element elementor-element-270a6d2 elementor-widget elementor-widget-text-editor\" data-id=\"270a6d2\" data-element_type=\"widget\" data-widget_type=\"text-editor.default\">\n\t\t\t\t<div class=\"elementor-widget-container\">\n\t\t\t\t\t<div class=\"elementor-text-editor elementor-clearfix\"><\/div>\n\t\t\t\t<\/div>\n\t\t\t\t<\/div>\n\t\t\t\t<div class=\"elementor-element elementor-element-228819e elementor-widget elementor-widget-image\" data-id=\"228819e\" data-element_type=\"widget\" data-widget_type=\"image.default\">\n\t\t\t\t<div class=\"elementor-widget-container\">\n\t\t\t\t\t<div class=\"elementor-image\">\n\t\t\t\t\t\t\t\t\t\t<img src=\"https:\/\/www.przychodniatwojlekarz.pl\/wp-content\/uploads\/2025\/02\/FENIKS_RP_UE_NFZ_RGB-kolor.jpg\" title=\"FENIKS_RP_UE_NFZ_RGB kolor\" alt=\"FENIKS_RP_UE_NFZ_RGB kolor\" \/>\t\t\t\t\t\t\t\t\t\t\t<\/div>\n\t\t\t\t<\/div>\n\t\t\t\t<\/div>\n\t\t\t\t<div class=\"elementor-element elementor-element-bd7df10 elementor-widget elementor-widget-text-editor\" data-id=\"bd7df10\" data-element_type=\"widget\" data-widget_type=\"text-editor.default\">\n\t\t\t\t<div class=\"elementor-widget-container\">\n\t\t\t\t\t<div class=\"elementor-text-editor elementor-clearfix\"><p>Przychodnia &#8220;Tw\u00f3j Lekarz&#8221; realizuje Projekt grantowy&nbsp; pn. \u201eWsparcie podstawowej opieki zdrowotnej (POZ)\u201d na podstawie umowy nr 02OW\/9096\/I\/2024 zawartej z Narodowym Funduszem Zdrowia.<\/p>\n<p>Projekt dofinansowany jest ze \u015brodk\u00f3w Europejskiego Funduszu Rozwoju Regionalnego w ramach Programu Fundusze Europejskie na Infrastruktur\u0119, Klimat, \u015arodowisko 2021-2027.&nbsp;&nbsp;<\/p>\n<p>Ca\u0142kowita warto\u015b\u0107 Projektu to 1 250 000 000,00 z\u0142 z czego wysoko\u015b\u0107 wk\u0142adu Funduszy Europejskich wynosi 996 375 000,00 z\u0142.&nbsp; Przychodnia &#8220;Tw\u00f3j Lekarz&#8221; na realizacj\u0119 Przedsi\u0119wzi\u0119cia otrzyma grant w wysoko\u015bci 287 140,19 z\u0142.<\/p>\n<p>W ramach otrzymanych \u015brodk\u00f3w zakupiona zostanie aparatura medyczna m.in. aparat USG, aparat EKG, spirometr oraz analizator do szybkiej diagnostyki m.in CRP.<\/p>\n<p>Projekt jest skierowany do wszystkich podmiot\u00f3w wykonuj\u0105cych dzia\u0142alno\u015b\u0107 lecznicz\u0105, posiadaj\u0105cych umow\u0119 z NFZ o udzielanie \u015bwiadcze\u0144 w ramach POZ, a z jego efekt\u00f3w b\u0119d\u0105 mogli korzysta\u0107 pacjenci plac\u00f3wki.<\/p>\n<p>G\u0142\u00f3wne cele Projektu:<\/p>\n<p>\u2022 zwi\u0119kszenie dost\u0119pno\u015bci do \u015bwiadcze\u0144 POZ dzia\u0142aj\u0105cych na obszarach s\u0142abiej rozwini\u0119tych gospodarczo i teren\u00f3w wiejskich oraz obszar\u00f3w zagro\u017conych utrat\u0105\/ograniczeniem dost\u0119pu do POZ, poprzez udzielenie odpowiedniego wsparcia w zabezpieczeniu tych podmiot\u00f3w w niezb\u0119dny sprz\u0119t, w tym sprz\u0119t diagnostyczny;<\/p>\n<p>\u2022 wsparcie w zakresie infrastruktury niezb\u0119dnej do prowadzenia dzia\u0142alno\u015bci leczniczej, kt\u00f3rej celem b\u0119dzie dostosowanie i poprawa funkcjonalno\u015bci pomieszcze\u0144 do poszerzanych \u015bwiadcze\u0144 zdrowotnych w zakresie profilaktyki, diagnostyki i leczenia na poziomie POZ w kontek\u015bcie rozwoju opieki koordynowanej;<\/p>\n<p>\u2022 zwi\u0119kszenie dost\u0119pno\u015bci i efektywno\u015bci systemu opieki zdrowotnej w zakresie niwelowania r\u00f3\u017cnic regionalnych w dost\u0119pno\u015bci do us\u0142ug zdrowotnych.&nbsp; Oczekiwane efekty Projektu:<\/p>\n<p>\u2022 wzrost dost\u0119pno\u015bci do podstawowych i specjalistycznych us\u0142ug zdrowotnych;<\/p>\n<p>\u2022 lepsza ochrona zdrowia i dobrostanu obywateli przed zagro\u017ceniami i negatywnymi skutkami zwi\u0105zanymi ze \u015brodowiskiem; \u2022 otwarcie nowych plac\u00f3wek POZ, zw\u0142aszcza na terenach o mniejszej g\u0119sto\u015bci zaludnienia;<\/p>\n<p>\u2022 poprawa jako\u015bci \u015bwiadczonych us\u0142ug zdrowotnych i wzmocnienie odporno\u015bci systemu medycznego.&nbsp; &nbsp; &nbsp; &nbsp; &nbsp; &nbsp; &nbsp; &nbsp; &nbsp; &nbsp; &nbsp; &nbsp; &nbsp; &nbsp; &nbsp; &nbsp; &nbsp; &nbsp; &nbsp; &nbsp; &nbsp; &nbsp; &nbsp; &nbsp; &nbsp; &nbsp; &nbsp; &nbsp; &nbsp; &nbsp; &nbsp; &nbsp; &nbsp; &nbsp; &nbsp; &nbsp; &nbsp; &nbsp; &nbsp;#FunduszeEuropejskie&nbsp; #FunduszeUE #WsparciePO<\/p>\n<p><\/p><\/div>\n\t\t\t\t<\/div>\n\t\t\t\t<\/div>\n\t\t\t\t\t<\/div>\n\t\t<\/div>\n\t\t\t\t\t\t\t<\/div>\n\t\t<\/section>\n\t\t\t\t<section class=\"elementor-section elementor-top-section elementor-element elementor-element-5cd84e0c elementor-section-boxed elementor-section-height-default elementor-section-height-default\" data-id=\"5cd84e0c\" data-element_type=\"section\" data-settings=\"{&quot;background_background&quot;:&quot;classic&quot;}\">\n\t\t\t\t\t\t<div class=\"elementor-container elementor-column-gap-default\">\n\t\t\t\t\t<div class=\"elementor-column elementor-col-33 elementor-top-column elementor-element elementor-element-6ce3e79e\" data-id=\"6ce3e79e\" data-element_type=\"column\">\n\t\t\t<div class=\"elementor-widget-wrap elementor-element-populated\">\n\t\t\t\t\t\t\t\t<div class=\"elementor-element elementor-element-777d27d0 elementor-widget elementor-widget-text-editor\" data-id=\"777d27d0\" data-element_type=\"widget\" data-widget_type=\"text-editor.default\">\n\t\t\t\t<div class=\"elementor-widget-container\">\n\t\t\t\t\t<div class=\"elementor-text-editor elementor-clearfix\"><p><strong>Przychodnia &#8220;Tw\u00f3j Lekarz&#8221;<\/strong><\/p><p>ul. Wsp\u00f3lna 6<br \/>87-134 Przysiek<\/p><\/div>\n\t\t\t\t<\/div>\n\t\t\t\t<\/div>\n\t\t\t\t\t<\/div>\n\t\t<\/div>\n\t\t\t\t<div class=\"elementor-column elementor-col-33 elementor-top-column elementor-element elementor-element-74bcf82b\" data-id=\"74bcf82b\" data-element_type=\"column\">\n\t\t\t<div class=\"elementor-widget-wrap elementor-element-populated\">\n\t\t\t\t\t\t\t\t<div class=\"elementor-element elementor-element-59d732f4 elementor-widget elementor-widget-text-editor\" data-id=\"59d732f4\" data-element_type=\"widget\" data-widget_type=\"text-editor.default\">\n\t\t\t\t<div class=\"elementor-widget-container\">\n\t\t\t\t\t<div class=\"elementor-text-editor elementor-clearfix\"><p><strong>Godziny otwarcia<\/strong><\/p><p>poniedzia\u0142ek &#8211; pi\u0105tek<br \/><span style=\"font-size: inherit; text-align: inherit; color: var( --e-global-color-text ); font-family: var( --e-global-typography-text-font-family ), Sans-serif; font-weight: var( --e-global-typography-text-font-weight );\">8:00 &#8211; 18:00<\/span><\/p><\/div>\n\t\t\t\t<\/div>\n\t\t\t\t<\/div>\n\t\t\t\t\t<\/div>\n\t\t<\/div>\n\t\t\t\t<div class=\"elementor-column elementor-col-33 elementor-top-column elementor-element elementor-element-fc950e1\" data-id=\"fc950e1\" data-element_type=\"column\">\n\t\t\t<div class=\"elementor-widget-wrap elementor-element-populated\">\n\t\t\t\t\t\t\t\t<div class=\"elementor-element elementor-element-113c46c3 elementor-widget elementor-widget-text-editor\" data-id=\"113c46c3\" data-element_type=\"widget\" data-widget_type=\"text-editor.default\">\n\t\t\t\t<div class=\"elementor-widget-container\">\n\t\t\t\t\t<div class=\"elementor-text-editor elementor-clearfix\"><p><strong>Kontakt<\/strong><\/p><p>Rejestracja<br \/>+48 56 696 98 98<br \/><a href=\"mailto:rejestracja@przychodniatwojlekarz.pl\">rejestracja@przychodniatwojlekarz.pl<\/a><\/p><p>Punkt szczepie\u0144<br \/>+48 56 696 98 13<br \/><a href=\"mailto:szczepienia@przychodniatwojlekarz.pl\">szczepienia@przychodniatwojlekarz.pl<\/a><\/p><\/div>\n\t\t\t\t<\/div>\n\t\t\t\t<\/div>\n\t\t\t\t\t<\/div>\n\t\t<\/div>\n\t\t\t\t\t\t\t<\/div>\n\t\t<\/section>\n\t\t\t\t\t\t<\/div>\n\t\t\t\t\t<\/div>\n\t\t","protected":false},"excerpt":{"rendered":"<p>Przychodnia &#8220;Tw\u00f3j Lekarz&#8221; realizuje Projekt grantowy&nbsp; pn. \u201eWsparcie podstawowej opieki zdrowotnej (POZ)\u201d na podstawie umowy nr 02OW\/9096\/I\/2024 zawartej z Narodowym Funduszem Zdrowia. Projekt dofinansowany jest ze \u015brodk\u00f3w Europejskiego Funduszu Rozwoju Regionalnego w ramach Programu Fundusze Europejskie na Infrastruktur\u0119, Klimat, \u015arodowisko 2021-2027.&nbsp;&nbsp; Ca\u0142kowita warto\u015b\u0107 Projektu to 1 250 000 000,00 z\u0142 z czego wysoko\u015b\u0107 wk\u0142adu Funduszy [&hellip;]<\/p>\n","protected":false},"author":1,"featured_media":0,"parent":0,"menu_order":0,"comment_status":"closed","ping_status":"closed","template":"elementor_header_footer","meta":[],"_links":{"self":[{"href":"https:\/\/www.przychodniatwojlekarz.pl\/index.php?rest_route=\/wp\/v2\/pages\/70"}],"collection":[{"href":"https:\/\/www.przychodniatwojlekarz.pl\/index.php?rest_route=\/wp\/v2\/pages"}],"about":[{"href":"https:\/\/www.przychodniatwojlekarz.pl\/index.php?rest_route=\/wp\/v2\/types\/page"}],"author":[{"embeddable":true,"href":"https:\/\/www.przychodniatwojlekarz.pl\/index.php?rest_route=\/wp\/v2\/users\/1"}],"replies":[{"embeddable":true,"href":"https:\/\/www.przychodniatwojlekarz.pl\/index.php?rest_route=%2Fwp%2Fv2%2Fcomments&post=70"}],"version-history":[{"count":40,"href":"https:\/\/www.przychodniatwojlekarz.pl\/index.php?rest_route=\/wp\/v2\/pages\/70\/revisions"}],"predecessor-version":[{"id":733,"href":"https:\/\/www.przychodniatwojlekarz.pl\/index.php?rest_route=\/wp\/v2\/pages\/70\/revisions\/733"}],"wp:attachment":[{"href":"https:\/\/www.przychodniatwojlekarz.pl\/index.php?rest_route=%2Fwp%2Fv2%2Fmedia&parent=70"}],"curies":[{"name":"wp","href":"https:\/\/api.w.org\/{rel}","templated":true}]}}